167, -3*a = -5*t - 121. Calculate the remainder when a is divided by z.
9
Let w = 26 + -20. Suppose -5*s + w = s. Calculate the remainder when 2 is divided by s.
0
Let s(j) = 3*j + 3. Let p(h) = -h + 1. Let v(g) = 4*p(g) + s(g). Let q = 74 - 17. What is the remainder when q is divided by v(-8)?
12
Suppose -r + 3*r - 22 = 0. What is the remainder when 840/22 + 12/(-66) is divided by -1*(3/3 - r)?
8
Suppose 9*n - 8*n - 134 = 0. What is the remainder when n is divided by 27?
26
Suppose 5*v = 2*d - 44 - 4, 0 = 5*d + 4*v - 120. Calculate the remainder when 69 is divided by d.
21
Let y = 6 - 13. Let p = y + 17. What is the remainder when 29 is divided by p?
9
What is the remainder when 56 is divided by 114/(-4)*4/(-6)?
18
Suppose -5*n + 2*n = -s + 113, -3*s - 2*n + 350 = 0. What is the remainder when s is divided by 62?
54
Let u = -99 + 125. What is the remainder when u is divided by 14?
12
Let x(u) = 2*u + 20. What is the remainder when 107 is divided by x(-5)?
7
Let d(v) = 4*v**2 + 2*v - 1. Let p = -16 + -1. Let n = p + 37. What is the remainder when n is divided by d(-2)?
9
Let z(g) = 25*g - 2. Let l be z(1). Let f(p) = -p**3 + 7*p**2 - 10*p + 8. Let j be f(6). Let k = j + l. Calculate the remainder when 19 is divided by k.
5
Let n(m) = -4*m. Let y be (2/(-8))/(6/(-120)). Suppose 2*o + 5*f + 95 = 7*o, -f - 111 = -y*o. Calculate the remainder when o is divided by n(-3).
11
Let q(v) = 176*v**3 - 4*v + 3. Calculate the remainder when q(1) is divided by 45.
40
Let d(l) = l**3 + 8*l**2 - 2*l - 8. Let m be d(-8). Suppose -2*f + 64 = -m. What is the remainder when f is divided by 19?
17
Let n = -3 - -5. Suppose -q + 2*t + n*t - 46 = 0, -5*q = -4*t + 198. Calculate the remainder when -4 - q - (-1 + 3) is divided by 11.
10
Let j = 1 + -9. Let v = 15 + j. What is the remainder when 33/7 + 2/v is divided by 3?
2
Suppose -2*r - 3*p = -44, 2*r - r - 5*p = 9. What is the remainder when 74 is divided by r?
17
Suppose -4*r = -5*w - 36, 5*r - 2*w = 30 - 2. Suppose -v - 3*v = -2*y + 12, -4*y + 48 = -2*v. What is the remainder when 0 + y + (-5 - -4) is divided by r?
1
Let a(q) = 2*q**2 + 7*q - 3*q**2 - q. Calculate the remainder when -1 + (-4)/(-6) + 711/27 is divided by a(3).
8
Suppose -4*i - 3*z = -185 - 142, 2*z - 10 = 0. What is the remainder when i is divided by 28?
22
Let l = 7 - 2. Let x = 55 - 41. What is the remainder when x is divided by l?
4
Let u = 357 + -244. What is the remainder when u is divided by 29?
26
Suppose -4*g + 86 = -70. What is the remainder when g is divided by 14?
11
Suppose -40 = -2*g + 5*p, 85 = 5*g - 0*p - 5*p. Calculate the remainder when g is divided by 6.
3
Suppose -6*j + 3*j + 60 = 0. Suppose 2*z + j = 2*s - 2*z, -9 = -s + z. What is the remainder when s is divided by 3?
2
Let b = 4 + 0. Suppose 3*s = -b*j + j + 9, -2*j = -3*s - 1. Suppose -2*k + 10 = 3*k. What is the remainder when k is divided by j?
0
Suppose -4*t + 5*d + 390 = t, 0 = 5*t - 2*d - 402. What is the remainder when t is divided by 14?
12
Suppose 7 - 3 = -2*l. Let a be (-2)/(84/(-39) - l). Let w = a - -60. Calculate the remainder when w is divided by 19.
16
Suppose -u = -z + 98, -5*u - 2*z - 84 = 420. Let r = -63 - u. Calculate the remainder when r is divided by 13.
11
Suppose 10*n - 8*n = 206. What is the remainder when n is divided by 26?
25
Suppose -i = 2*i - 516. Suppose -2*q + q + i = 4*v, 5*q = 3*v + 814. Suppose 0*y = 4*y - q. What is the remainder when y is divided by 14?
13
Suppose -5*p - 24 = -2*d - 3*p, 20 = 4*p. Suppose 6*v = 2*v - 12. Let r(o) = o**3 + 8*o**2 + 3*o - 3. What is the remainder when r(v) is divided by d?
16
What is the remainder when 35 is divided by (-21 - -1)*-1 + -2?
17
Let b = 17 + -15. Calculate the remainder when 3 is divided by b.
1
Let p be 5/(-15) + (-2)/(-6). Suppose p*f = -f. Suppose 28 = 4*k - 4*c, f = -k - 3*k + 5*c + 29. Calculate the remainder when 9 is divided by k.
3
Let j(a) = a**2 + 8*a + 12. Suppose 0 = 7*p - 5*p - 76. What is the remainder when p is divided by j(-9)?
17
Let h(p) be the second derivative of p**3/6 + 7*p**2/2 + 3*p. Suppose 9 = 3*w + 2*o, -4*w - o + 12 = o. What is the remainder when h(0) is divided by w?
1
Suppose -5*f - 5*p + 403 = 123, 3*f - 172 = p. Suppose -3 = -4*i - y + 39, 0 = -5*i + y + f. Let h = 25 - 4. What is the remainder when h is divided by i?
10
Suppose 4*h - 46 = 58. What is the remainder when 49 is divided by h?
23
Let o(s) be the second derivative of s**3/2 - s**2/2 + 2*s. Suppose 3*h - 21 = -3*q, h - 13 = -2*q - 2*h. Calculate the remainder when o(8) is divided by q.
7
Suppose 4 = 3*o + 2*g - 15, -10 = -2*g. Suppose 5*x - 52 = 58. Calculate the remainder when x is divided by ((-36)/4)/(o/(-2)).
4
Suppose -2*f = 10 - 32. Let a = -166 + 208. Calculate the remainder when a is divided by f.
9
Let n = 128 - 42. Let x = n + -48. Calculate the remainder when x is divided by 13.
12
Let y(g) = g**3 + 8*g**2 - 4*g - 11. Let m be y(-8). What is the remainder when (m/14)/((-6)/(-8)) is divided by 1?
0
Calculate the remainder when 45 is divided by (-3)/((45/(-130))/3).
19
Suppose 4*q + 20 = -5*o, -5*o + 4*o = 4. Suppose -p = 5*b + 2, -4*p + b - 2*b - 46 = q. Let u = p - -26. What is the remainder when 54 is divided by u?
12
Let i(j) = -3*j + 4. Let a be i(4). Let y(r) = -2*r. Let v be y(a). Suppose -3*x - v + 61 = 0. What is the remainder when 29 is divided by x?
14
Suppose 4*h = 2*w - 22, h + 25 - 6 = 2*w. Let x = 25 + -9. Calculate the remainder when x is divided by w.
7
Suppose 4*l - 5*l = -3. Suppose -5*j = -l - 22. Calculate the remainder when 9 is divided by j.
4
Let z(a) = a**3 + 7*a**2 - 10*a + 6. Let r(t) = -t**2 - 7*t. Let v be r(-7). Let q be v + -1 + -1 + -6. Calculate the remainder when z(q) is divided by 8.
6
Let j be -6*2*1/(-1). Suppose 0 = 3*p + 9 + j. Let v = p + 12. Calculate the remainder when v is divided by 3.
2
Let d = -108 - -127. What is the remainder when 151 is divided by d?
18
Let f(i) = 13*i**2 - 1. Let d be f(3). Suppose -3*g + 8*g + 3*o - d = 0, -4*g + 5*o + 78 = 0. What is the remainder when 87 is divided by g?
21
Let h be (-1 + 15/9)*3. Suppose -5*s - 2*m + 377 = 0, 149 - 15 = h*s + 5*m. What is the remainder when -3*2*s/(-21) is divided by 12?
10
Let k(b) = -b. Let c be k(-4). Suppose c*j = 5*j - 11. Suppose -j = -3*z + 25. What is the remainder when z is divided by 7?
5
Suppose 4*v + 4*b = 24, -2*v - 24 = -7*v + b. Suppose -2*i + v*i = 18. Let h = i + -2. Calculate the remainder when h is divided by 3.
1
Let h(d) = -d - 2. Let l be h(-7). Suppose 16 = l*q - 9. Suppose -87 = -5*o - 17. What is the remainder when o is divided by q?
4
Suppose -8 - 2 = -u + 4*d, -3*d = 3*u - 30. Let j(v) = v**3 + 3*v**2 - 4*v + 5. Let m be j(-4). Let k = u - m. What is the remainder when 9 is divided by k?
4
Suppose -160 - 50 = -7*d. Calculate the remainder when d is divided by 9.
3
Let v = 126 - 75. Let w = v + -20. Calculate the remainder when w is divided by 9.
4
Let z(y) = -2*y - 5. Let s be z(-4). Suppose -2*n - 26 = -s*n. Calculate the remainder when n is divided by 14.
12
Suppose -3*t = -120 - 3. What is the remainder when t is divided by 11?
8
Suppose 9*m = 8*m + 14. Let r(w) = 41*w. Calculate the remainder when r(1) is divided by m.
13
Let x be -1 + 0 - 3/(-3). Suppose x = 2*n - 0*n - i - 1, 3 = i. Calculate the remainder when (-2 + 0)*-7*n is divided by 10.
8
Let d(r) = 2*r + 1. What is the remainder when 43 is divided by d(4)?
7
Suppose 0 = -4*n + 8*n - 16. Suppose 227 - 75 = n*f. What is the remainder when f is divided by 20?
18
Let i = 10 - 18. Calculate the remainder when (-33 - 0)/(12/i) is divided by 12.
10
Let r = 22 + 1. What is the remainder when 44 is divided by r?
21
Let y = 73 + -47. Let s = y + -11. Calculate the remainder when 57 is divided by s.
12
Suppose z + 2 = 35. Calculate the remainder when z is divided by 6.
3
Let d be -2 + (-1 - (1 + -2)). Calculate the remainder when ((-21)/2)/(d/4) is divided by 11.
10
What is the remainder when 39 is divided by 3 + (-4 - -20) - -2?
18
Let m be 2/(-9) + 136/(-36). Let h = m - -29. Suppose 5*v = h + 15. What is the remainder when 31 is divided by v?
7
Let x(s) = -s**3 + 5*s**2 + 3*s - 3. Let t(o) = -o**2 - o - 13. Let u be t(0). Let l = u + 18. What is the remainder when 23 is divided by x(l)?
11
Let b = -7 + 18